at is the value of -2 - -4 - (2 - 8 - -21)?
-13
What is the value of -31 + 4 + 6 + 14 + -11?
-18
3 + 5 + (2 + 14 + -7 - -6)
23
Calculate -9 - ((3 - 1) + -5 - -9).
-15
What is (-6 - -63) + -50 - (1 - 10)?
16
Evaluate 3 + -14 + (7 - (4 - -1)).
-9
What is 4 + -1 - (25 + -22 - 6)?
6
(-26 - -5) + 14 + (4 - (-2 + 0))
-1
Calculate (-40 - -16) + 37 + -18.
-5
What is 3 + (-13 - (13 - 26))?
3
Calculate -21 - (-6 - 6) - (0 - 17).
8
Calculate (286 - 294) + -8 + -1.
-17
What is the value of 2 + -163 + 140 + -1 + 12?
-10
What is (-16 + 10 - -15) + -6 - (0 + 0)?
3
What is -8 - -7 - ((-1 - 0) + -3 + 5)?
-2
(2 - 22) + (211 - 168)
23
Evaluate -40 + 35 + -1 + -2 + 22.
14
Calculate 6 - ((-3 - 2 - -10 - 0) + 30).
-29
9 - ((8 - (-6 - -11) - 1) + -5)
12
5 + 3 + -2 + -1 - (76 + -71)
0
Calculate -9 - (-8 + (5 - -2) - (0 + -1)).
-9
Calculate (-3 + 9 + 5 - 4) + -20 + 3.
-10
What is the value of 10 + (-4 - (-6 - -2 - -2 - 2))?
10
What is (-4 - 15 - (-2 - 4)) + 9 + -3?
-7
28 - 33 - (-4 - (5 + -8))
-4
Calculate 34 - (7 - -29 - 10).
8
Calculate 16 - ((6 - 3) + -5).
18
17 + (9 + -11 - (3 + 2 - -4))
6
What is -5 - -4 - (-2 + -5 - -16)?
-10
Calculate -55 + 35 - (0 + 11).
-31
What is the value of (-4 + 13 - -15) + -8 + 2 + 5?
23
Calculate (199 - 181 - (15 - 1)) + (-1 - -12).
15
(14 - (18 - 11)) + (-2 - -1)
6
3 + (-17 - (2 - 4)) + -124 + 117
-19
What is -24 + 24 + (-1 - -10) + -3?
6
Evaluate (-8 + -5 - -32) + 4 + -3.
20
What is the value of -13 + 31 + -48 + 15 + 15?
0
What is the value of -93 + 90 + (-1 - -7) + -2?
1
What is the value of -7 - 1 - -6 - (4 + -15)?
9
What is -21 + 14 + 5 - ((-1 - -2) + -3)?
0
Evaluate -10 + 19 + -1 + -8 - 7.
-7
-34 - ((7 - 12) + -13 - -16)
-32
Evaluate -5 - (-84 - -109 - (-1 - -6)) - -5.
-20
Calculate -22 + 26 - (1 + -2) - 24.
-19
What is 6 - ((6 - 2) + (1 - 2 - 4))?
7
(-1 - -37) + (-2333 - -2315)
18
What is the value of 0 + (1 - 0) + 20 + -18 - 4?
-1
Calculate 0 + (6 - (14 + -5) - 3).
-6
What is the value of (15 - 22) + (2 + -4 + 4 - -5)?
0
Calculate 0 - ((13 - (11 - -20)) + (3 - -1)).
14
Calculate 8 - ((20 - 21) + 2 + -11 + 47).
-29
Evaluate -10 + 17 - (8 - -2).
-3
What is -54 - -41 - (3 + (-12 - (-1 + -2)))?
-7
Evaluate 6 + 1 + 4 + 5 + -2.
14
-4 + (2 + 0 - -1) - (13 - -7)
-21
(-8 - (-14 - 8)) + 6 + 1
21
Calculate (-27 - -41) + (0 - 17) + -1.
-4
Calculate (-2 + 1 - 2) + -3 + 4 + 13.
11
What is the value of -4 + 1 + (-4 - 7) + 4?
-10
Calculate (5 - (-6 - -8)) + (7 - (4 + -1)).
7
What is the value of -1217 - -1195 - (-12 + 1 + -1)?
-10
0 - -5 - (0 - (20 + (-13 - 4)))
8
What is -3 + 10 + 2 - (3 - 2) - 1?
7
What is -675 + 701 - (1 - 3)?
28
(-1 - 1) + 0 - (15 - 15)
-2
What is the value of -23 - (-21 + 16 - 37)?
19
What is 13 + (-6 - (13 - 2) - -8)?
4
Evaluate -10 + 1 + 8 + -1 - (-6 - 1).
5
Evaluate 9 + (1 - 2) + 124 + -111.
21
What is (4 - -2) + (-14 - -2) + -6?
-12
Evaluate 8 - 22 - (-9 - (7 - 12)).
-10
What is 15 + 4 + 15 + (-47 - 7)?
-20
Evaluate -15 + 15 - (15 + -7).
-8
What is -23 - -30 - (-9 + 4 + -13)?
25
Calculate (9 - 3) + 1 + 12 + -19 + -10.
-10
13 - (-112 - -119 - (1 - -1))
8
What is 1 - (-22 + 21 - (-6 + 1 + 0))?
-3
What is 50 + -70 + (6 - (3 + 1)) + -3?
-21
Calculate -1 + 15 + (18 - (8 + 22)).
2
What is the value of 22 + 12 + (12 - 41) - (-5 + -2)?
12
(-7 - -6) + 6 + 3
8
What is 0 + 18 + (-40 + 33 - (1 - 4))?
14
What is -5 + 1 - (16 - 15) - -9 - -7?
11
Evaluate -76 + 71 - (3 + -24 + 3 + -3).
16
What is -214 + 212 + 0 + 5?
3
Calculate (-8 - -3 - (2 - 2)) + (-8 - -5).
-8
Evaluate 8 + (-8 - -11) + -1.
10
Calculate (-8 - (-12 - -7)) + (11 - 7).
1
What is the value of -11 - (-12 + 3) - (14 + -2 - 6)?
-8
Calculate 23 - (-6 + (21 - 7) + 0).
15
Evaluate 3 - (2 - (13 - 25)).
-11
What is the value of (0 - -1) + 2 + -1 - (-30 + 41)?
-9
-21 + 16 + (-1 - 22) - (48 - 51)
-25
What is -9 + 1 + (-7 - -1 - -12) - -15?
13
Evaluate -74 + 83 + 6 + -1 + -2.
12
Evaluate 1 - (0 - -6) - ((-3 - 12) + -3).
13
What is 172 + -177 + (-3 - -29)?
21
What is the value of 69 + -73 - (-3 + (1 - 1))?
-1
What is the value of 16 + -10 - (8 - 14 - -7)?
5
Calculate (39 - 27 - 19) + -16.
-23
Evaluate -10 + 27 - 23 - ((1 - 4) + 0).
-3
Evaluate 148 + -127 - (-2 + 18).
5
What is the value of 31 - -9 - (204 - 192)?
28
What is the value of 6 + (-5 + (-9 - (-8 + -2)) - -13)?
15
Evaluate -7 + (3 - (-6 - -4) - -3).
1
Evaluate 165 + -135 + (1 + -6 - (4 + -13)).
34
Calculate 6 + (3 - -2) + (6 - (8 + -3)).
12
What is the value of (5 - 2 - 11 - -18) + 2?
12
What is (0 - -3) + -71 + 125 + -64?
-7
What is the value of -44 - (-14 + 13) - (-12 - 0) - 3?
-34
What is 12 + (5 - (30 + -32))?
19
Evaluate (-11 + 7 - 8 - -6) + (18 - 1).
11
0 - -7 - (60 + 65 + -121)
3
What is the value of 0 + (0 + 8 - 13) - 9?
-14
-1 + 19 + 587 + -593
12
What is the value of 15 - -10 - (-2 + (3 - 6)) - 4?
26
Calculate 5 - 4 - (10 - (-14 + 14)).
-9
Calculate (2 - 14 - -14) + (2 - (-3 - -4)).
3
(18 - 11) + 3 + -2
8
What is 10 + 53 + -33 - 55?
-25
7 - (13 + -2) - (3 - -2)
-9
8 - ((21 - 11) + -5)
3
Calculate (5 - -1 - (-53 - -54)) + -14 - 4.
-13
0 - -17 - ((0 - 2) + (-8 - -13))
14
Evaluate 12 - (-1 - (-4 + 7 + (-11 - 0))).
5
What is -15 + 17 + (27 - 16)?
13
Evaluate 3 - (13 + (-3 - 4) + -16).
13
Evaluate -37 - (-95 + (-1 - -29)).
30
What is (1 + 1 - (72 + -62)) + -3 - -2?
-9
-3 - (-2 - -12 - (27 - 21))
-7
Evaluate -13 + (-3 - 9 - -16).
-9
1 - 0 - ((59 - 29) + -16)
-13
(35 - (59 - 29)) + (-1 - 16)
-12
Calculate (-10 - 20) + 24 + (-2 - -7 - -2).
1
Calculate -4 + (7 + -7 - -3 - 4).
-5
What is the value of (-5 - (-13 + (-6 - (-13 - 0)))) + -14?
-13
Evaluate -10 - (28 + -18 + (-6 - -1 - -12)).
-27
11 + (-1 - (-21 + 9)) + -6
16
What is -5 - ((-4 + 7 - 8) + -7 - 5)?
12
What is 43 + -42 + (-7 - (0 + -3)) - 1?
-4
What is the value of -18 + 1 + (9 + -10 - 8)?
-26
-8 - (9 - (6 + 3 + -8))
-16
What is the value of -23 - (67 - 25 - 56)?
-9
Evaluate 4 + (15 + -43 - -11).
-13
(-10 - (3 + 1 + -3)) + (-2 - 1)
-14
Evaluate (-23 - 11) + 133 + -116.
-17
What is 9 - (11 + 15 + -6 + 2)?
-13
Evaluate 118 + -35 + -31 - 30.
22
What is the value of -12 - ((17 - -13) + -47)?
5
What is the value of ((-3 - -5) + 3 - 23) + 8?
-10
Evaluate 54 + -52 - (-10 + 0) - -8.
20
Calculate 8 + (-6 - -3) + -10 + 0 + 8.
3
What is 7 - (4 + -5) - (-19 + 21)?
6
-10 + 20 - (-29 - (2 + -23))
18
Evaluate -11 + (12 - 9 - (-5 + -5)).
2
(51 - 29) + (-3 - (7 + -1))
13
0 + 0 - (-305 + 311)
-6
Calculate -20 + -23 + 74 - 25.
6
Evaluate 10 + -12 + (-11 + 7 - -11).
5
Evaluate 13 + -38 + 40 + -15.
0
Evaluate -1 - -12 - -11 - (8 + 2).
12
Evaluate (-314 - -308) + (-5 - -2 - (16 - -2)).
-27
What is the value of -21 - (-39 + 18) - (-13 - (-4 + 2))?
11
Evaluate -1177 - -1145 - (2 - 4).
-30
Evaluate -15 - ((20 - 9) + -22 + 3).
-7
What is the value of 0 - -7 - (-86 - -78) - -8?
23
What is 11 + -15 - (58 + -47)?
-15
Evaluate 13 - 33 - -28 - -2 - (0 - -6).
4
-8 + 4 + 2 - (-9 - -4 - -15)
-12
Calculate -1 + 11 + (58 - 40 - 27).
1
What is the value of 5 - 15 - (-4 + -8)?
2
Evaluate 0 + -10 + -32 + 0 + 27.
-15
Calculate -3 + -3 - (24 - 26).
-4
What is (1 - (4 - (-4 - -8))) + (6 - 43)?
-36
What is the value of 5 - 2 - (15 + -20) - -6?
14
(3 - (13 - 3)) + 7
0
What is (42 - 14) + -41 + (5 - 0)?
-8
What is 2 - (20 + -17 + 7 - 28)?
20
Evaluate (-2 + -6 - (-7 + -26 + -3)) + -5.
23
-23 - (61 - 55 - (-2 + 10))
-21
-32 - (-9 - (2 + 1 - 3))
-23
What is 1 + -2 + 7 - (-7 - (-9 + -3))?
1
What is -10 - (0 + -15 + -6)?
11
What is the value of -2 - (0 - (-13 - -27))?
12
What is -8 + 11 + -15 + 9?
-3
Evaluate (-24 + 38 - (0 - 2)) + 3 + -1.
18
4 + 0 + -10 + (-20 - -8) + 8
-10
Calculate (2 - 1 - (-114 - -156)) + 16.
-25
What is -12 - ((2 - 24) + 12)?
-2
Calculate (-15 - -2) + 3 + -1.
-11
What is the value of -21 - (-2 + -21 - 11)?
13
Evaluate (-28 + 41 - -23) + -42.
-6
Evaluate -2 - -6 - ((-13 - -13) + 5).
-1
Calculate -7 + (19 - (5 - (-4 - 1))).
2
-7 + (-1 + -4 - (20 - 22))
-10
What is -1 - 1 - -11 - (59 + -13 - 55)?
18
(6 - (5 - (0 + 4 + 1))) + -4
2
(-8 - 5) + 7 - (-5 + 0)
-1
Calculate 0 + 2 + 10 + -22.
-10
Evaluate 3 + (-7 - ((11 - 4) + -12)).
1
Evaluate (-7 - -21) + 0 + -1 + -2.
11
Evaluate 19 - (46 + -40 + 35).
-22
-3 + (9 - (0 - -6))
0
Calculate 21 + -17 + 9 + -11 - (-1 - -34).
-31
Calculate -23 + 1 + 3 + (6 - -22) + -19.
-10
What is the value of 18 + -25 - -1 - 1?
-7
(0 - 6) + (-62 - (10 + -65))
-13
Ca